{"id":29,"date":"2024-07-23T09:29:00","date_gmt":"2024-07-23T09:29:00","guid":{"rendered":"https:\/\/nbthk.eu\/?page_id=29"},"modified":"2024-09-11T09:59:03","modified_gmt":"2024-09-11T09:59:03","slug":"spelling","status":"publish","type":"page","link":"http:\/\/nbthk.eu\/ger\/spelling\/","title":{"rendered":"Schreibweise"},"content":{"rendered":"<\/p>\n\n\n\n<h3 class=\"wp-block-heading\">Zur Schreibweise der japanischen Namen, Begriffe und W\u00f6rter <strong>in<\/strong> den folgenden Texten<\/h3>\n\n\n\n<p>Im Bestreben eine gewisse Regel und Einheitlichkeit in der Schreibweise der japanischen Begriffe zu erzielen, treten verschiedene Probleme auf.<\/p>\n\n\n\n<p>Im Japanischen gibt es keine Gro\u00df\u2013 und Kleinschreibung. Es gibt Kanji (Wort-Bildzeichen), Hiragana und Katakana (zwei Silbenschriften).<\/p>\n\n\n\n<p>F\u00fcr zahlreiche japanische Begriffe gibt es keine kurzen w\u00f6rtlichen \u00dcbersetzungen ins Deutsche und man muss<\/p>\n\n\n\n<p>solche Begriffe h\u00e4ufig durch einen erkl\u00e4renden Nebensatz \u00fcbersetzen. Auch aus diesem Grund ist es enorm wichtig die japanischen Fachbegriffe in ihren Bedeutungen zu erlernen.<\/p>\n\n\n\n<p>Die meisten japanischen Worte und Namen sind nicht im Duden zu finden, d. h. es gibt bis auf wenige Ausnahmen keine festgelegte deutsche Schreibweise. Wir haben uns daher entschieden alle japanischen Worte und Namen kursiv zu setzen.<br>Taifun ist z.B. im Duden zu finden. Allerdings ist das eine  &#8220;Eindeutschung\u201c. Das japanische Wort hei\u00dft &#8220;<em>tai\u2013fu<\/em>\u201c (w\u00f6rtl. gro\u00dfer Wind).<br><em>Kamakura <\/em>oder <em>Mino<\/em> sind im Duden nicht zu finden, und selbst unter <em>Kyoto <\/em>ist nur \u201eKyotoprotokoll\u201c angegeben.<\/p>\n\n\n\n<p>Alle japanischen Namen und Begriffe werden hier in den \u00dcberschriften oder bei Satzanf\u00e4ngen in Gro\u00dfschreibung bzw. mit gro\u00dfen Anfangsbuchstaben geschrieben. Im Flie\u00dftext werden japanische Eigennamen, St\u00e4dtenamen, Zeiten und Perioden mit gro\u00dfen Anfangsbuchstaben gesetzt. Zusammengesetzte Begriffe aus einem japanischen und einem deutschen Wort werden durch Bindestriche (Parenthesen) verbunden, z.B. Kamakura\u2013Periode.<\/p>\n\n\n\n<p><em>Samurai<\/em> ist als Begriff im Duden verzeichnet, wir haben uns aber entschlossen, um der Einheitlichkeit willen, das Wort <em>kursiv<\/em> zu schreiben.<br>Begriffe wie <em>Ningen\u2013Kokuho<\/em> (lebender Nationalschatz) oder <em>Bunka\u2013cho<\/em> (Kultusministerium) ebenso wie etwa <em>Juyo<\/em> <em>Bunkazai<\/em> (wichtiges unver\u00e4u\u00dferliches Kulturgut im unteren Rang eines Nationalschatzes) fangen mit Gro\u00dfbuchstaben (Versalien) an.<br>Wir bitten um Verst\u00e4ndnis, dass eine Reihe von Schreibweisen mehr durch das Sprachgef\u00fchl bestimmt sind als durch eindeutige Regeln, die auch leider nicht offiziell formuliert sind.<\/p>\n\n\n<p>\n\n\n\n<p class=\"nbthk_none\"><a href=\"https:\/\/nihoncollection.com\/\">Nihon Collection<\/a><\/p>","protected":false},"excerpt":{"rendered":"<p>Nihon Collection<\/p>","protected":false},"author":1,"featured_media":0,"parent":0,"menu_order":0,"comment_status":"closed","ping_status":"closed","template":"","meta":{"footnotes":""},"class_list":["post-29","page","type-page","status-publish","hentry"],"_links":{"self":[{"href":"http:\/\/nbthk.eu\/ger\/wp-json\/wp\/v2\/pages\/29","targetHints":{"allow":["GET"]}}],"collection":[{"href":"http:\/\/nbthk.eu\/ger\/wp-json\/wp\/v2\/pages"}],"about":[{"href":"http:\/\/nbthk.eu\/ger\/wp-json\/wp\/v2\/types\/page"}],"author":[{"embeddable":true,"href":"http:\/\/nbthk.eu\/ger\/wp-json\/wp\/v2\/users\/1"}],"replies":[{"embeddable":true,"href":"http:\/\/nbthk.eu\/ger\/wp-json\/wp\/v2\/comments?post=29"}],"version-history":[{"count":4,"href":"http:\/\/nbthk.eu\/ger\/wp-json\/wp\/v2\/pages\/29\/revisions"}],"predecessor-version":[{"id":89,"href":"http:\/\/nbthk.eu\/ger\/wp-json\/wp\/v2\/pages\/29\/revisions\/89"}],"wp:attachment":[{"href":"http:\/\/nbthk.eu\/ger\/wp-json\/wp\/v2\/media?parent=29"}],"curies":[{"name":"wp","href":"https:\/\/api.w.org\/{rel}","templated":true}]}}