{"id":31,"date":"2024-07-23T09:32:26","date_gmt":"2024-07-23T09:32:26","guid":{"rendered":"https:\/\/nbthk.eu\/?page_id=31"},"modified":"2024-12-17T10:35:03","modified_gmt":"2024-12-17T10:35:03","slug":"nbthk-eb","status":"publish","type":"page","link":"https:\/\/nbthk.eu\/ger\/","title":{"rendered":"NBTHK &#8211; EB"},"content":{"rendered":"<figure class=\"wp-block-image size-full\"><img loading=\"lazy\" decoding=\"async\" width=\"750\" height=\"600\" src=\"http:\/\/nbthk.eu\/wp-content\/uploads\/2024\/07\/logo.jpg\" alt=\"\" class=\"wp-image-38\" srcset=\"https:\/\/nbthk.eu\/wp-content\/uploads\/2024\/07\/logo.jpg 750w, https:\/\/nbthk.eu\/wp-content\/uploads\/2024\/07\/logo-300x240.jpg 300w\" sizes=\"auto, (max-width: 750px) 100vw, 750px\" \/><\/figure>\n\n\n\n\n\n<\/p>\n\n\n\n<p><b>NBTHK \u2013 European Branch<\/b><\/p>\n\n\n\n<p><b>Die europ\u00e4ische Sektion der NBTHK<\/b><\/p>\n\n\n\n<p>Naturgem\u00e4\u00df liegen die vielf\u00e4ltigen Schwerpunkte des Angebots der NBTHK in Japan und dort insbesondere in den Aktivit\u00e4ten des <a href=\"http:\/\/&quot;https:\/\/www.touken.or.jp\" data-type=\"link\" data-id=\"&quot;https:\/\/www.touken.or.jp\">Japanischen Schwertmuseums<\/a>. Aber die NBTHK ist auch seit vielen Jahren erfolgreich in Europa aktiv. Die NBTHK European Branch ist neben der American Branch die einzige Niederlassung der NBTHK au\u00dferhalb Japans.<br>Sie bietet Sammlern und Interessierten volle Unterst\u00fctzung und Wissensvermittlung durch folgende Aktivit\u00e4ten:<\/p>\n\n\n\n<ul class=\"wp-block-list\">\n<li>J\u00e4hrlich sechs regelm\u00e4\u00dfige Treffen an wechselnden Orten, die \u00fcberwiegend in Deutschland stattfinden und zwar haupts\u00e4chlich im Klingenmuseum in Solingen. H\u00e4ufig auch Treffen im europ\u00e4ischen Ausland, bisher z. Bsp. in Kopenhagen, Z\u00fcrich, Stockholm.<\/li>\n\n\n\n<li>Studienkurse und Vortr\u00e4ge mit Darstellungen der Qualit\u00e4tskriterien japanischer Kunst im Besonderen der Klingen und des Schwertschmucks<\/li>\n\n\n\n<li>Gelegenheit zum handnahen Betrachten und Studium vorgelegter bedeutender Schwerter und hervorragendem Schwertschmuck<\/li>\n\n\n\n<li>Referate \u00fcber Schwert\u2013Themen in Deutsch oder Englisch<\/li>\n\n\n\n<li>Anleitungen und Hinweise zu sachgem\u00e4\u00dfer Erhaltung und Pflege der Sammlungsst\u00fccke<\/li>\n\n\n\n<li>Umfassende, neutrale Beratung und Begutachtung in allen Fragen bzgl. japanischer Schwerter und Schwertzieraten. Informationen zu Restaurierung und Polituren von Klingen, ebenso wie zum Vorlegen zu Shinsa-Begutachtungen und Feststellung der Polierw\u00fcrdigkeit in Japan<\/li>\n\n\n\n<li>Hilfestellung beim Versand von Objekten nach Japan, d.h. bei Adressen, Anschriften, Versandbestimmungen usw.<\/li>\n\n\n\n<li>\u00dcbersetzungen wesentlicher Teile der monatlichen Zeitschrift \u201eTOKEN BIJUTSU\u201c aus dem Japanischen ins Englische.<\/li>\n<\/ul>\n\n\n\n<p>Die NBTHK sieht es als ihre besondere Verpflichtung, durch Anleitung zu Aufbewahrung und Pflege daf\u00fcr Sorge zu tragen, dass die japanischen Kunst\u2013Schwerter weitere Jahrhunderte \u00fcberdauern und auch kommenden Generationen noch Freude bereiten. Durch unsachgem\u00e4\u00dfe Pflege, z. Bsp. auch durch Versuche, Klingen ohne Wissen und langj\u00e4hrige Erfahrungen selbst zu polieren, sind leider auch schon Meisterklingen zerst\u00f6rt worden. Hier ist zu bemerken, dass ein japanischer Polierer eine etwa zehnj\u00e4hrige Lehrzeit bei einem erfahrenen Meister durchl\u00e4uft und auch anschlie\u00dfend noch jahrelang unter der Aufsicht von lizensierten Polierern arbeitet, bis er als \u201eMukansa\u201c vollkommen selbst\u00e4ndig arbeiten darf. Auch sind durch unsachgem\u00e4\u00dfe Reinigung und falsches Putzen von Tsuba und anderem Schwertschmuck die Farben und Patinierungen vieler Objekte zerst\u00f6rt worden. H\u00e4ufig ist dann eine Restaurierung nicht mehr m\u00f6glich und k\u00fcnstlerisch und historisch wertvolle Objekte k\u00f6nnen in ihrer originalen Sch\u00f6nheit nicht mehr zu studiert werden. So sind auch aus Kunst\u2013Schwertern schon wertlose Waffen geworden. Andererseits wird auch durch die aufwendigste Politur aus einer Klinge minderer Qualit\u00e4t kein Kunstschwert.<\/p>\n\n\n\n<p><b>Fragen zur European Branch der NBTHK oder allgemeine Anfragen:<\/b><\/p>\n\n\n\n<p>Sie k\u00f6nnen uns gerne Ihre Nachricht per Email zukommen lassen, nutzen Sie hierzu untenstehenden Link:<\/p>\n\n\n\n<p class=\"has-normal-font-size\"><a style=\"font-size: 14px; font-style: italic; font-weight: bold;  text-decoration: underline;\" href=\"mailto:info@nbthk.eu?subject=NBTHK Inquiry\">Email Senden<\/a> <\/p>\n\n\n<p>\n\n\n\n<p class=\"nbthk_none\"><a href=\"https:\/\/nihoncollection.com\/\">Nihon Collection<\/a><\/p>","protected":false},"excerpt":{"rendered":"<p>Nihon Collection<\/p>","protected":false},"author":1,"featured_media":0,"parent":0,"menu_order":0,"comment_status":"closed","ping_status":"closed","template":"","meta":{"footnotes":""},"class_list":["post-31","page","type-page","status-publish","hentry"],"_links":{"self":[{"href":"https:\/\/nbthk.eu\/ger\/wp-json\/wp\/v2\/pages\/31","targetHints":{"allow":["GET"]}}],"collection":[{"href":"https:\/\/nbthk.eu\/ger\/wp-json\/wp\/v2\/pages"}],"about":[{"href":"https:\/\/nbthk.eu\/ger\/wp-json\/wp\/v2\/types\/page"}],"author":[{"embeddable":true,"href":"https:\/\/nbthk.eu\/ger\/wp-json\/wp\/v2\/users\/1"}],"replies":[{"embeddable":true,"href":"https:\/\/nbthk.eu\/ger\/wp-json\/wp\/v2\/comments?post=31"}],"version-history":[{"count":7,"href":"https:\/\/nbthk.eu\/ger\/wp-json\/wp\/v2\/pages\/31\/revisions"}],"predecessor-version":[{"id":151,"href":"https:\/\/nbthk.eu\/ger\/wp-json\/wp\/v2\/pages\/31\/revisions\/151"}],"wp:attachment":[{"href":"https:\/\/nbthk.eu\/ger\/wp-json\/wp\/v2\/media?parent=31"}],"curies":[{"name":"wp","href":"https:\/\/api.w.org\/{rel}","templated":true}]}}